{"id":488,"date":"2024-04-04T15:52:29","date_gmt":"2024-04-04T15:52:29","guid":{"rendered":"https:\/\/store.landscapeinspiration.es\/?post_type=product&#038;p=488"},"modified":"2024-04-08T16:54:54","modified_gmt":"2024-04-08T16:54:54","slug":"amplitude","status":"publish","type":"product","link":"https:\/\/store.landscapeinspiration.es\/index.php\/product\/amplitude\/","title":{"rendered":"Amplitude"},"content":{"rendered":"<p>Under the Asturian sky, rises the Natural Park of Las Ubi\u00f1as &#8211; La Mesa. The mountain is characterized by the Ubi\u00f1a massif, standing over 2400 meters (Picos del Font\u00e1n and Pe\u00f1a Ubi\u00f1a with 2417 meters) and various areas at an approximate altitude of 2000 meters. Because of this, there is a significant difference in altitude within the park between the different zones.<\/p>\n<p>The valleys are formed by the basins of the Taja River, the Valdecarzana River, and the Val de Sampedro or P\u00e1ramo River, where the natural monument of Cueva Huerta is located.<\/p>\n<p>This photograph, taken at the beginning of spring, shows the metamorphosis of life. The snow begins to melt, giving way to the green that, dormant, has always been there, waiting to see the light again to produce its own food.<\/p>\n<p>Offered in two aspect ratios (2:1) and (3:2), it is part of the mountain landscape collection, one of our favorites.<\/p>\n","protected":false},"excerpt":{"rendered":"<p>Under the Asturian sky, rises the Natural Park of Las Ubi\u00f1as &#8211; La Mesa. The mountain is characterized by the Ubi\u00f1a massif, standing over 2400 meters (Picos del Font\u00e1n and Pe\u00f1a Ubi\u00f1a with 2417 meters) and various areas at an approximate altitude of 2000 meters. Because of this, there is a significant difference in altitude within the park between the different zones. Offered in two aspect ratios (2:1) and (3:2), it is part of the mountain landscape collection, one of our favorites.<\/p>\n","protected":false},"featured_media":491,"template":"","meta":[],"product_cat":[106],"product_tag":[104,101,100,103,96,97,98,105,102,99],"class_list":{"0":"post-488","1":"product","2":"type-product","3":"status-publish","4":"has-post-thumbnail","6":"product_cat-mountain-landscapes","7":"product_tag-artcollectors","8":"product_tag-cantabrialandscapes","9":"product_tag-fineartprints","10":"product_tag-homegallery","11":"product_tag-landscapeartprint","12":"product_tag-museumqualityprint","13":"product_tag-naturephotography","14":"product_tag-sustainableart","15":"product_tag-timelessbeauty","16":"product_tag-wallartdecor","17":"pa_print-size-100-50","18":"pa_print-size-45-30","19":"pa_print-size-60-30","20":"pa_print-size-90-60","22":"first","23":"instock","24":"shipping-taxable","25":"purchasable","26":"product-type-variable","27":"has-default-attributes"},"_links":{"self":[{"href":"https:\/\/store.landscapeinspiration.es\/index.php\/wp-json\/wp\/v2\/product\/488"}],"collection":[{"href":"https:\/\/store.landscapeinspiration.es\/index.php\/wp-json\/wp\/v2\/product"}],"about":[{"href":"https:\/\/store.landscapeinspiration.es\/index.php\/wp-json\/wp\/v2\/types\/product"}],"version-history":[{"count":4,"href":"https:\/\/store.landscapeinspiration.es\/index.php\/wp-json\/wp\/v2\/product\/488\/revisions"}],"predecessor-version":[{"id":498,"href":"https:\/\/store.landscapeinspiration.es\/index.php\/wp-json\/wp\/v2\/product\/488\/revisions\/498"}],"wp:featuredmedia":[{"embeddable":true,"href":"https:\/\/store.landscapeinspiration.es\/index.php\/wp-json\/wp\/v2\/media\/491"}],"wp:attachment":[{"href":"https:\/\/store.landscapeinspiration.es\/index.php\/wp-json\/wp\/v2\/media?parent=488"}],"wp:term":[{"taxonomy":"product_cat","embeddable":true,"href":"https:\/\/store.landscapeinspiration.es\/index.php\/wp-json\/wp\/v2\/product_cat?post=488"},{"taxonomy":"product_tag","embeddable":true,"href":"https:\/\/store.landscapeinspiration.es\/index.php\/wp-json\/wp\/v2\/product_tag?post=488"}],"curies":[{"name":"wp","href":"https:\/\/api.w.org\/{rel}","templated":true}]}}