{"id":40,"date":"2023-11-27T18:45:37","date_gmt":"2023-11-27T18:45:37","guid":{"rendered":"https:\/\/landscapeinspiration.es\/store\/?post_type=product&#038;p=40"},"modified":"2024-04-08T16:56:27","modified_gmt":"2024-04-08T16:56:27","slug":"the-enchantment-of-saja-besaya-natural-park","status":"publish","type":"product","link":"https:\/\/store.landscapeinspiration.es\/index.php\/product\/the-enchantment-of-saja-besaya-natural-park\/","title":{"rendered":"The Enchantment of Saja-Besaya Natural Park"},"content":{"rendered":"<p>Amidst whispers of leaves and the crystalline murmur of waters, a dreamlike corner awaits in the heart of the Saja-Besaya Natural Park. This nature sanctuary declared a park in 1988, unfolds majestically in picturesque Cantabria, Spain.<\/p>\n<p>Follow the river&#8217;s meander to find stones playing a silent symphony, surrounded by a vibrant green palette, seemingly painted by nature&#8217;s hand. Monte R\u00edo los Vados in the north and the mountains of Fuentes-Palombera and Sierra del Cordel in the south are part of this spectacular tapestry.<\/p>\n<p>Covering 24,500 hectares, this park is Cantabria&#8217;s natural jewel, with 23,932 hectares of public-use woodland. Immersed in the Special Conservation Area of High Valleys and the Special Protection Area for Birds, it&#8217;s integral to the Saja National Game Reserve.<\/p>\n<p>Municipalities like Arenas de Igu\u00f1a, Cabu\u00e9rniga, Cieza, Hermandad de Campoo de Suso, Ruente, and Los Tojos, along with the Campoo-Cabu\u00e9rniga Commonwealth, intertwine in this landscape.<\/p>\n<p>In the heart of this green Eden stands B\u00e1rcena Mayor, a historic ensemble from 1979, a superb testament to the fusion of history and nature.<\/p>\n","protected":false},"excerpt":{"rendered":"<p>Amidst whispers of leaves and the crystalline murmur of waters, a dreamlike corner awaits in the heart of the Saja-Besaya Natural Park. This nature sanctuary, declared a park in 1988, unfolds majestically in picturesque Cantabria, Spain.<\/p>\n","protected":false},"featured_media":486,"template":"","meta":[],"product_cat":[17,24,18],"product_tag":[],"class_list":{"0":"post-40","1":"product","2":"type-product","3":"status-publish","4":"has-post-thumbnail","6":"product_cat-prints","7":"product_cat-waterfalls","8":"product_cat-woodland-landscapes","9":"pa_print-size-45-30","10":"pa_print-size-90-60","12":"first","13":"instock","14":"shipping-taxable","15":"purchasable","16":"product-type-variable","17":"has-default-attributes"},"_links":{"self":[{"href":"https:\/\/store.landscapeinspiration.es\/index.php\/wp-json\/wp\/v2\/product\/40"}],"collection":[{"href":"https:\/\/store.landscapeinspiration.es\/index.php\/wp-json\/wp\/v2\/product"}],"about":[{"href":"https:\/\/store.landscapeinspiration.es\/index.php\/wp-json\/wp\/v2\/types\/product"}],"version-history":[{"count":1,"href":"https:\/\/store.landscapeinspiration.es\/index.php\/wp-json\/wp\/v2\/product\/40\/revisions"}],"predecessor-version":[{"id":182,"href":"https:\/\/store.landscapeinspiration.es\/index.php\/wp-json\/wp\/v2\/product\/40\/revisions\/182"}],"wp:featuredmedia":[{"embeddable":true,"href":"https:\/\/store.landscapeinspiration.es\/index.php\/wp-json\/wp\/v2\/media\/486"}],"wp:attachment":[{"href":"https:\/\/store.landscapeinspiration.es\/index.php\/wp-json\/wp\/v2\/media?parent=40"}],"wp:term":[{"taxonomy":"product_cat","embeddable":true,"href":"https:\/\/store.landscapeinspiration.es\/index.php\/wp-json\/wp\/v2\/product_cat?post=40"},{"taxonomy":"product_tag","embeddable":true,"href":"https:\/\/store.landscapeinspiration.es\/index.php\/wp-json\/wp\/v2\/product_tag?post=40"}],"curies":[{"name":"wp","href":"https:\/\/api.w.org\/{rel}","templated":true}]}}